{"id":22,"date":"2015-01-29T09:13:49","date_gmt":"2015-01-29T09:13:49","guid":{"rendered":"http:\/\/www.abbevillelariviere.fr\/?page_id=22"},"modified":"2015-03-16T09:09:23","modified_gmt":"2015-03-16T09:09:23","slug":"leglise-saint-julien-le-pauvre","status":"publish","type":"page","link":"http:\/\/www.abbevillelariviere.fr\/?page_id=22","title":{"rendered":"L&#8217;\u00e9glise Saint Julien Le Pauvre"},"content":{"rendered":"<p>L&#8217;imposant clocher beauceron, \u00e0 toiture en b\u00e2ti\u00e8re, est \u00e9lev\u00e9 sur trois \u00e9tages. Des baies g\u00e9min\u00e9es en plein cintre, sans moulures ni ornements, \u00e9clairent le dernier niveau. Du c\u00f4t\u00e9 sud, \u00e0 l&#8217;abri d&#8217;une toiture, le portail roman \u00e0 voussures est surmont\u00e9 de modillons sculpt\u00e9s de t\u00eates grima\u00e7antes.<\/p>\n<p>D&#8217;apr\u00e8s la tradition, l&#8217;abri du portail servait autrefois \u00e0 prot\u00e9ger les voyageurs pauvres. Achev\u00e9e par un chevet plat, la nef, \u00e0 deux trav\u00e9es, est compos\u00e9e d&#8217;un seul bas-c\u00f4t\u00e9.<\/p>\n<p>L&#8217;\u00e9difice a fait l&#8217;objet de nombreux remaniements au cours des si\u00e8cle.<\/p>\n<p>Ensemble disparate du 12\u00e8 sicle, typique clocher beauceron \u00e0 b\u00e2ti\u00e8re. Sous le porche d entr\u00e9e, un portail roman \u00e0 double voussures. Au dessus une ligne de corbeaux \u00e0 t\u00eate grima\u00e7ante forme corniche.<\/p>\n<p>Dans l angle ext\u00e9rieur du clocher un personnage en pierre au rictus satanique, car selon la coutume &#8220;on laisse le diable \u00e0 la porte&#8221;.<\/p>\n<p>Sur la fa\u00e7ade sud (c\u00f4t\u00e9 entr\u00e9e) longtemps cach\u00e9e par un b\u00e2timent, une porte mur\u00e9e fin XV \u00e9me orn\u00e9e d un fronton triangulaire donnait acc\u00e8s \u00e0 la chapelle. A l int\u00e9rieur, un nef \u00e0 3 trav\u00e9es est compos\u00e9e avec un seul bas c\u00f4t\u00e9.<\/p>\n<p>Une fen\u00eatre haute de style gothique renaissance \u00e9clairait autrefois la chapelle seigneuriale. Dans une arcade du ch\u0153ur une pierre de fondation d\u00e9but du XVII\u00e8me si\u00e8cle est fix\u00e9e au mur.<\/p>\n<p>Dans le bas c\u00f4t\u00e9 au niveau du ch\u0153ur se tenait l autel de la Sainte Vierge. Sur les voutes en pierre qui subsistent, quelques diagonaux prismatique du XV \u00e8me ou XVI\u00e8me si\u00e8cle reli\u00e9s par des cl\u00e9s de v\u00f4ute dont une orn\u00e9e des armoiries d Abb\u00e9ville.<\/p>\n<p>Autrefois au sol devant le ch\u0153ur, une dalle fun\u00e9raire tr\u00e8s d\u00e9t\u00e9rior\u00e9e laisse apercevoir la silhouette d un personnage (Pierre d Abb\u00e9ville), aujourd\u2019hui fix\u00e9e au mur pr\u00e8s des fonts baptismaux du XVIII\u00e8me.<\/p>\n<p>Sur le mur d entr\u00e9e principale, une dalle fun\u00e9raire du XIV\u00e8me si\u00e8cle d un chevalier et d une noble dame est un sp\u00e9cimen des plates tombes de l \u00e9poque. Sur un pilier une statue en bois polychrome du XVII\u00e8me si\u00e8cle de Saint Julien repr\u00e9sent\u00e9 en chasseur \u00e9questre. Sur une colonne en bois une autre statue : Vierge \u00e0 l enfant du XV\u00e8me.<\/p>\n<p>Deux autres statues : statue de Calvaire MATER DOLOROS du XV\u00e8me et Statue de Calvaire SAINT JEAN EVANGELISTE du Xv\u00e8me.<\/p>\n<p>&nbsp;<\/p>\n<div class=\"wc-shortcodes-row wc-shortcodes-item wc-shortcodes-clearfix\">\n<div class=\"wc-shortcodes-column wc-shortcodes-content wc-shortcodes-one-third wc-shortcodes-column-first \">\n<p><a href=\"http:\/\/www.abbevillelariviere.fr\/wp-content\/uploads\/2015\/01\/eglise2-76-8859c.jpg\"><img loading=\"lazy\" decoding=\"async\" class=\"alignnone size-full wp-image-36\" src=\"http:\/\/www.abbevillelariviere.fr\/wp-content\/uploads\/2015\/01\/eglise2-76-8859c.jpg\" alt=\"eglise2-76-8859c\" width=\"126\" height=\"189\" \/><\/a><\/p>\n<\/div>\n<div class=\"wc-shortcodes-column wc-shortcodes-content wc-shortcodes-one-third wc-shortcodes-column- \">\n<p><a href=\"http:\/\/www.abbevillelariviere.fr\/wp-content\/uploads\/2015\/01\/eglise1-77-b15ad.jpg\"><img loading=\"lazy\" decoding=\"async\" class=\"alignnone size-full wp-image-37\" src=\"http:\/\/www.abbevillelariviere.fr\/wp-content\/uploads\/2015\/01\/eglise1-77-b15ad.jpg\" alt=\"eglise1-77-b15ad\" width=\"192\" height=\"189\" srcset=\"http:\/\/www.abbevillelariviere.fr\/wp-content\/uploads\/2015\/01\/eglise1-77-b15ad.jpg 192w, http:\/\/www.abbevillelariviere.fr\/wp-content\/uploads\/2015\/01\/eglise1-77-b15ad-50x50.jpg 50w\" sizes=\"(max-width: 192px) 100vw, 192px\" \/><\/a><\/p>\n<\/div>\n<div class=\"wc-shortcodes-column wc-shortcodes-content wc-shortcodes-one-third wc-shortcodes-column-last \">\n<p><a href=\"http:\/\/www.abbevillelariviere.fr\/wp-content\/uploads\/2015\/01\/porche-20-db351.jpg\"><img loading=\"lazy\" decoding=\"async\" class=\"alignnone size-full wp-image-35\" src=\"http:\/\/www.abbevillelariviere.fr\/wp-content\/uploads\/2015\/01\/porche-20-db351.jpg\" alt=\"porche-20-db351\" width=\"218\" height=\"189\" \/><\/a><\/p>\n<\/div>\n<\/div>\n<p>&nbsp;<\/p>\n<p>L\u2019int\u00e9rieur abrite un mobilier int\u00e9ressant dont une statue \u00e9questre de Saint Julien du 17\u00e8me et une dalle fun\u00e9raire dat\u00e9e de 1309, ces deux pi\u00e8ces sont class\u00e9es aux Monuments Historiques<\/p>\n<div class=\"wc-shortcodes-row wc-shortcodes-item wc-shortcodes-clearfix\">\n<div class=\"wc-shortcodes-column wc-shortcodes-content wc-shortcodes-one-half wc-shortcodes-column-first \">\n<p><a href=\"http:\/\/www.abbevillelariviere.fr\/wp-content\/uploads\/2015\/01\/nef2-43-b1fe5.jpg\"><img loading=\"lazy\" decoding=\"async\" class=\"alignnone size-full wp-image-33\" src=\"http:\/\/www.abbevillelariviere.fr\/wp-content\/uploads\/2015\/01\/nef2-43-b1fe5.jpg\" alt=\"nef2-43-b1fe5\" width=\"283\" height=\"189\" \/><\/a><\/p>\n<\/div>\n<div class=\"wc-shortcodes-column wc-shortcodes-content wc-shortcodes-one-half wc-shortcodes-column-last \">\n<p><a href=\"http:\/\/www.abbevillelariviere.fr\/wp-content\/uploads\/2015\/01\/nef1-51-21049.jpg\"><img loading=\"lazy\" decoding=\"async\" class=\"alignnone size-full wp-image-34\" src=\"http:\/\/www.abbevillelariviere.fr\/wp-content\/uploads\/2015\/01\/nef1-51-21049.jpg\" alt=\"nef1-51-21049\" width=\"283\" height=\"189\" \/><\/a><\/p>\n<\/div>\n<\/div>\n<p>&nbsp;<\/p>\n<p>Depuis 2013 l&#8217;\u00e9glise \u00e0 retrouv\u00e9 une cloche.<\/p>\n<p>&nbsp;<\/p>\n<div class=\"wc-shortcodes-row wc-shortcodes-item wc-shortcodes-clearfix\">\n<div class=\"wc-shortcodes-column wc-shortcodes-content wc-shortcodes-one-half wc-shortcodes-column-first \">\n<p><a href=\"http:\/\/www.abbevillelariviere.fr\/wp-content\/uploads\/2015\/01\/IMGP8673.jpg\"><img loading=\"lazy\" decoding=\"async\" class=\"alignnone size-medium wp-image-580\" src=\"http:\/\/www.abbevillelariviere.fr\/wp-content\/uploads\/2015\/01\/IMGP8673-300x199.jpg\" alt=\"IMGP8673\" width=\"300\" height=\"199\" srcset=\"http:\/\/www.abbevillelariviere.fr\/wp-content\/uploads\/2015\/01\/IMGP8673-300x199.jpg 300w, http:\/\/www.abbevillelariviere.fr\/wp-content\/uploads\/2015\/01\/IMGP8673.jpg 500w\" sizes=\"(max-width: 300px) 100vw, 300px\" \/><\/a><\/p>\n<\/div>\n<div class=\"wc-shortcodes-column wc-shortcodes-content wc-shortcodes-one-half wc-shortcodes-column-last \">\n<p><a href=\"http:\/\/www.abbevillelariviere.fr\/wp-content\/uploads\/2015\/01\/IMGP8681.jpg\"><img loading=\"lazy\" decoding=\"async\" class=\"alignnone size-medium wp-image-579\" src=\"http:\/\/www.abbevillelariviere.fr\/wp-content\/uploads\/2015\/01\/IMGP8681-300x199.jpg\" alt=\"IMGP8681\" width=\"300\" height=\"199\" srcset=\"http:\/\/www.abbevillelariviere.fr\/wp-content\/uploads\/2015\/01\/IMGP8681-300x199.jpg 300w, http:\/\/www.abbevillelariviere.fr\/wp-content\/uploads\/2015\/01\/IMGP8681.jpg 500w\" sizes=\"(max-width: 300px) 100vw, 300px\" \/><\/a><\/p>\n<\/div>\n<\/div>\n<p>Et de nouveaux parrain\u00a0et marraine : Franck MARLIN et\u00a0 Gislaine GUERTON<\/p>\n<p><a href=\"http:\/\/www.abbevillelariviere.fr\/wp-content\/uploads\/2015\/01\/IMGP8674.jpg\"><img loading=\"lazy\" decoding=\"async\" class=\"alignnone size-full wp-image-666\" src=\"http:\/\/www.abbevillelariviere.fr\/wp-content\/uploads\/2015\/01\/IMGP8674.jpg\" alt=\"IMGP8674\" width=\"500\" height=\"331\" srcset=\"http:\/\/www.abbevillelariviere.fr\/wp-content\/uploads\/2015\/01\/IMGP8674.jpg 500w, http:\/\/www.abbevillelariviere.fr\/wp-content\/uploads\/2015\/01\/IMGP8674-300x199.jpg 300w\" sizes=\"(max-width: 500px) 100vw, 500px\" \/><\/a><\/p>\n<p>L\u2019\u00e9glise d\u2019Abb\u00e9ville sert aussi d\u2019\u00e9glise paroissiale au village voisin d\u2019Arrancourt dont l\u2019\u00e9glise, trop v\u00e9tuste, a \u00e9t\u00e9 d\u00e9molie en 1939.<\/p>\n<p>&nbsp;<\/p>\n","protected":false},"excerpt":{"rendered":"<p>L&#8217;imposant clocher beauceron, \u00e0 toiture en b\u00e2ti\u00e8re, est \u00e9lev\u00e9 sur trois \u00e9tages. Des baies g\u00e9min\u00e9es en plein cintre, sans moulures ni ornements, \u00e9clairent le dernier niveau. Du c\u00f4t\u00e9 sud, \u00e0 [&hellip;]<\/p>\n","protected":false},"author":2,"featured_media":0,"parent":12,"menu_order":0,"comment_status":"closed","ping_status":"closed","template":"","meta":{"site-sidebar-layout":"default","site-content-layout":"","ast-site-content-layout":"","site-content-style":"default","site-sidebar-style":"default","ast-global-header-display":"","ast-banner-title-visibility":"","ast-main-header-display":"","ast-hfb-above-header-display":"","ast-hfb-below-header-display":"","ast-hfb-mobile-header-display":"","site-post-title":"","ast-breadcrumbs-content":"","ast-featured-img":"","footer-sml-layout":"","theme-transparent-header-meta":"","adv-header-id-meta":"","stick-header-meta":"","header-above-stick-meta":"","header-main-stick-meta":"","header-below-stick-meta":"","astra-migrate-meta-layouts":"default","ast-page-background-enabled":"default","ast-page-background-meta":{"desktop":{"background-color":"var(--ast-global-color-4)","background-image":"","background-repeat":"repeat","background-position":"center center","background-size":"auto","background-attachment":"scroll","background-type":"","background-media":"","overlay-type":"","overlay-color":"","overlay-opacity":"","overlay-gradient":""},"tablet":{"background-color":"","background-image":"","background-repeat":"repeat","background-position":"center center","background-size":"auto","background-attachment":"scroll","background-type":"","background-media":"","overlay-type":"","overlay-color":"","overlay-opacity":"","overlay-gradient":""},"mobile":{"background-color":"","background-image":"","background-repeat":"repeat","background-position":"center center","background-size":"auto","background-attachment":"scroll","background-type":"","background-media":"","overlay-type":"","overlay-color":"","overlay-opacity":"","overlay-gradient":""}},"ast-content-background-meta":{"desktop":{"background-color":"var(--ast-global-color-5)","background-image":"","background-repeat":"repeat","background-position":"center center","background-size":"auto","background-attachment":"scroll","background-type":"","background-media":"","overlay-type":"","overlay-color":"","overlay-opacity":"","overlay-gradient":""},"tablet":{"background-color":"var(--ast-global-color-5)","background-image":"","background-repeat":"repeat","background-position":"center center","background-size":"auto","background-attachment":"scroll","background-type":"","background-media":"","overlay-type":"","overlay-color":"","overlay-opacity":"","overlay-gradient":""},"mobile":{"background-color":"var(--ast-global-color-5)","background-image":"","background-repeat":"repeat","background-position":"center center","background-size":"auto","background-attachment":"scroll","background-type":"","background-media":"","overlay-type":"","overlay-color":"","overlay-opacity":"","overlay-gradient":""}},"_EventAllDay":false,"_EventTimezone":"","_EventStartDate":"","_EventEndDate":"","_EventStartDateUTC":"","_EventEndDateUTC":"","_EventShowMap":false,"_EventShowMapLink":false,"_EventURL":"","_EventCost":"","_EventCostDescription":"","_EventCurrencySymbol":"","_EventCurrencyCode":"","_EventCurrencyPosition":"","_EventDateTimeSeparator":"","_EventTimeRangeSeparator":"","_EventOrganizerID":[],"_EventVenueID":[],"_OrganizerEmail":"","_OrganizerPhone":"","_OrganizerWebsite":"","_VenueAddress":"","_VenueCity":"","_VenueCountry":"","_VenueProvince":"","_VenueState":"","_VenueZip":"","_VenuePhone":"","_VenueURL":"","_VenueStateProvince":"","_VenueLat":"","_VenueLng":"","_VenueShowMap":false,"_VenueShowMapLink":false,"footnotes":""},"class_list":["post-22","page","type-page","status-publish","hentry"],"_links":{"self":[{"href":"http:\/\/www.abbevillelariviere.fr\/index.php?rest_route=\/wp\/v2\/pages\/22"}],"collection":[{"href":"http:\/\/www.abbevillelariviere.fr\/index.php?rest_route=\/wp\/v2\/pages"}],"about":[{"href":"http:\/\/www.abbevillelariviere.fr\/index.php?rest_route=\/wp\/v2\/types\/page"}],"author":[{"embeddable":true,"href":"http:\/\/www.abbevillelariviere.fr\/index.php?rest_route=\/wp\/v2\/users\/2"}],"replies":[{"embeddable":true,"href":"http:\/\/www.abbevillelariviere.fr\/index.php?rest_route=%2Fwp%2Fv2%2Fcomments&post=22"}],"version-history":[{"count":12,"href":"http:\/\/www.abbevillelariviere.fr\/index.php?rest_route=\/wp\/v2\/pages\/22\/revisions"}],"predecessor-version":[{"id":777,"href":"http:\/\/www.abbevillelariviere.fr\/index.php?rest_route=\/wp\/v2\/pages\/22\/revisions\/777"}],"up":[{"embeddable":true,"href":"http:\/\/www.abbevillelariviere.fr\/index.php?rest_route=\/wp\/v2\/pages\/12"}],"wp:attachment":[{"href":"http:\/\/www.abbevillelariviere.fr\/index.php?rest_route=%2Fwp%2Fv2%2Fmedia&parent=22"}],"curies":[{"name":"wp","href":"https:\/\/api.w.org\/{rel}","templated":true}]}}

L&#8217;église Saint Julien Le Pauvre

<p>L&#8217;imposant clocher beauceron, à toiture en bâtière, est élevé sur trois étages. Des baies géminées en plein cintre, sans moulures ni ornements, éclairent le dernier niveau. Du côté sud, à l&#8217;abri d&#8217;une toiture, le portail roman à voussures est surmonté de modillons sculptés de têtes grimaçantes.</p>
<p>D&#8217;après la tradition, l&#8217;abri du portail servait autrefois à protéger les voyageurs pauvres. Achevée par un chevet plat, la nef, à deux travées, est composée d&#8217;un seul bas-côté.</p>
<p>L&#8217;édifice a fait l&#8217;objet de nombreux remaniements au cours des siècle.</p>
<p>Ensemble disparate du 12è sicle, typique clocher beauceron à bâtière. Sous le porche d entrée, un portail roman à double voussures. Au dessus une ligne de corbeaux à tête grimaçante forme corniche.</p>
<p>Dans l angle extérieur du clocher un personnage en pierre au rictus satanique, car selon la coutume &#8220;on laisse le diable à la porte&#8221;.</p>
<p>Sur la façade sud (côté entrée) longtemps cachée par un bâtiment, une porte murée fin XV éme ornée d un fronton triangulaire donnait accès à la chapelle. A l intérieur, un nef à 3 travées est composée avec un seul bas côté.</p>
<p>Une fenêtre haute de style gothique renaissance éclairait autrefois la chapelle seigneuriale. Dans une arcade du chœur une pierre de fondation début du XVIIème siècle est fixée au mur.</p>
<p>Dans le bas côté au niveau du chœur se tenait l autel de la Sainte Vierge. Sur les voutes en pierre qui subsistent, quelques diagonaux prismatique du XV ème ou XVIème siècle reliés par des clés de vôute dont une ornée des armoiries d Abbéville.</p>
<p>Autrefois au sol devant le chœur, une dalle funéraire très détériorée laisse apercevoir la silhouette d un personnage (Pierre d Abbéville), aujourd’hui fixée au mur près des fonts baptismaux du XVIIIème.</p>
<p>Sur le mur d entrée principale, une dalle funéraire du XIVème siècle d un chevalier et d une noble dame est un spécimen des plates tombes de l époque. Sur un pilier une statue en bois polychrome du XVIIème siècle de Saint Julien représenté en chasseur équestre. Sur une colonne en bois une autre statue : Vierge à l enfant du XVème.</p>
<p>Deux autres statues : statue de Calvaire MATER DOLOROS du XVème et Statue de Calvaire SAINT JEAN EVANGELISTE du Xvème.</p>
<p>&nbsp;</p>
<div class="wc-shortcodes-row wc-shortcodes-item wc-shortcodes-clearfix">
<div class="wc-shortcodes-column wc-shortcodes-content wc-shortcodes-one-third wc-shortcodes-column-first ">
<p><a href="http://www.abbevillelariviere.fr/wp-content/uploads/2015/01/eglise2-76-8859c.jpg"><img loading="lazy" decoding="async" class="alignnone size-full wp-image-36" src="http://www.abbevillelariviere.fr/wp-content/uploads/2015/01/eglise2-76-8859c.jpg" alt="eglise2-76-8859c" width="126" height="189" /></a></p>
</div>
<div class="wc-shortcodes-column wc-shortcodes-content wc-shortcodes-one-third wc-shortcodes-column- ">
<p><a href="http://www.abbevillelariviere.fr/wp-content/uploads/2015/01/eglise1-77-b15ad.jpg"><img loading="lazy" decoding="async" class="alignnone size-full wp-image-37" src="http://www.abbevillelariviere.fr/wp-content/uploads/2015/01/eglise1-77-b15ad.jpg" alt="eglise1-77-b15ad" width="192" height="189" srcset="http://www.abbevillelariviere.fr/wp-content/uploads/2015/01/eglise1-77-b15ad.jpg 192w, http://www.abbevillelariviere.fr/wp-content/uploads/2015/01/eglise1-77-b15ad-50x50.jpg 50w" sizes="(max-width: 192px) 100vw, 192px" /></a></p>
</div>
<div class="wc-shortcodes-column wc-shortcodes-content wc-shortcodes-one-third wc-shortcodes-column-last ">
<p><a href="http://www.abbevillelariviere.fr/wp-content/uploads/2015/01/porche-20-db351.jpg"><img loading="lazy" decoding="async" class="alignnone size-full wp-image-35" src="http://www.abbevillelariviere.fr/wp-content/uploads/2015/01/porche-20-db351.jpg" alt="porche-20-db351" width="218" height="189" /></a></p>
</div>
</div>
<p>&nbsp;</p>
<p>L’intérieur abrite un mobilier intéressant dont une statue équestre de Saint Julien du 17ème et une dalle funéraire datée de 1309, ces deux pièces sont classées aux Monuments Historiques</p>
<div class="wc-shortcodes-row wc-shortcodes-item wc-shortcodes-clearfix">
<div class="wc-shortcodes-column wc-shortcodes-content wc-shortcodes-one-half wc-shortcodes-column-first ">
<p><a href="http://www.abbevillelariviere.fr/wp-content/uploads/2015/01/nef2-43-b1fe5.jpg"><img loading="lazy" decoding="async" class="alignnone size-full wp-image-33" src="http://www.abbevillelariviere.fr/wp-content/uploads/2015/01/nef2-43-b1fe5.jpg" alt="nef2-43-b1fe5" width="283" height="189" /></a></p>
</div>
<div class="wc-shortcodes-column wc-shortcodes-content wc-shortcodes-one-half wc-shortcodes-column-last ">
<p><a href="http://www.abbevillelariviere.fr/wp-content/uploads/2015/01/nef1-51-21049.jpg"><img loading="lazy" decoding="async" class="alignnone size-full wp-image-34" src="http://www.abbevillelariviere.fr/wp-content/uploads/2015/01/nef1-51-21049.jpg" alt="nef1-51-21049" width="283" height="189" /></a></p>
</div>
</div>
<p>&nbsp;</p>
<p>Depuis 2013 l&#8217;église à retrouvé une cloche.</p>
<p>&nbsp;</p>
<div class="wc-shortcodes-row wc-shortcodes-item wc-shortcodes-clearfix">
<div class="wc-shortcodes-column wc-shortcodes-content wc-shortcodes-one-half wc-shortcodes-column-first ">
<p><a href="http://www.abbevillelariviere.fr/wp-content/uploads/2015/01/IMGP8673.jpg"><img loading="lazy" decoding="async" class="alignnone size-medium wp-image-580" src="http://www.abbevillelariviere.fr/wp-content/uploads/2015/01/IMGP8673-300x199.jpg" alt="IMGP8673" width="300" height="199" srcset="http://www.abbevillelariviere.fr/wp-content/uploads/2015/01/IMGP8673-300x199.jpg 300w, http://www.abbevillelariviere.fr/wp-content/uploads/2015/01/IMGP8673.jpg 500w" sizes="(max-width: 300px) 100vw, 300px" /></a></p>
</div>
<div class="wc-shortcodes-column wc-shortcodes-content wc-shortcodes-one-half wc-shortcodes-column-last ">
<p><a href="http://www.abbevillelariviere.fr/wp-content/uploads/2015/01/IMGP8681.jpg"><img loading="lazy" decoding="async" class="alignnone size-medium wp-image-579" src="http://www.abbevillelariviere.fr/wp-content/uploads/2015/01/IMGP8681-300x199.jpg" alt="IMGP8681" width="300" height="199" srcset="http://www.abbevillelariviere.fr/wp-content/uploads/2015/01/IMGP8681-300x199.jpg 300w, http://www.abbevillelariviere.fr/wp-content/uploads/2015/01/IMGP8681.jpg 500w" sizes="(max-width: 300px) 100vw, 300px" /></a></p>
</div>
</div>
<p>Et de nouveaux parrain et marraine : Franck MARLIN et  Gislaine GUERTON</p>
<p><a href="http://www.abbevillelariviere.fr/wp-content/uploads/2015/01/IMGP8674.jpg"><img loading="lazy" decoding="async" class="alignnone size-full wp-image-666" src="http://www.abbevillelariviere.fr/wp-content/uploads/2015/01/IMGP8674.jpg" alt="IMGP8674" width="500" height="331" srcset="http://www.abbevillelariviere.fr/wp-content/uploads/2015/01/IMGP8674.jpg 500w, http://www.abbevillelariviere.fr/wp-content/uploads/2015/01/IMGP8674-300x199.jpg 300w" sizes="(max-width: 500px) 100vw, 500px" /></a></p>
<p>L’église d’Abbéville sert aussi d’église paroissiale au village voisin d’Arrancourt dont l’église, trop vétuste, a été démolie en 1939.</p>
<p>&nbsp;</p>

<p>L&#8217;imposant clocher beauceron, à toiture en bâtière, est élevé sur trois étages. Des baies géminées en plein cintre, sans moulures ni ornements, éclairent le dernier niveau. Du côté sud, à [&hellip;]</p>
