{"id":2921,"date":"2024-11-14T21:12:15","date_gmt":"2024-11-14T20:12:15","guid":{"rendered":"https:\/\/www.abbevillelariviere.fr\/?page_id=2921"},"modified":"2024-11-14T21:21:21","modified_gmt":"2024-11-14T20:21:21","slug":"tout-sur-abbeville-la-riviere","status":"publish","type":"page","link":"http:\/\/www.abbevillelariviere.fr\/?page_id=2921","title":{"rendered":"ABB\u00c9VILLE LA RIVI\u00c8RE EN UN SEUL CLIC"},"content":{"rendered":"\n<div class=\"wp-block-columns is-layout-flex wp-container-core-columns-is-layout-1 wp-block-columns-is-layout-flex\" style=\"padding-top:0;padding-bottom:0\">\n<div class=\"wp-block-column is-layout-flow wp-block-column-is-layout-flow\">\n<h2 class=\"wp-block-heading\">Horaire Mairie<\/h2>\n\n\n\n<p class=\"has-ast-global-color-6-background-color has-background\" style=\"margin-top:0;margin-bottom:0\"><strong>Horaires d&#8217;ouverture :<\/strong><br>Le Lundi : de 15h00 \u00e0 19h00<br>Le Mercredi\u00a0 : de 10h00 \u00e0 12h00 ( Urgence Seulement )<br>Le Vendredi : de 15h00 \u00e0 19h00<br>Le Samedi\u00a0 : de 10h00 \u00e0 12h00<\/p>\n\n\n\n<p class=\"has-luminous-vivid-amber-background-color has-background\" style=\"margin-top:0;margin-bottom:0\">T\u00e9l\u00e9phone : +33 1 64 95 67 37<br>Fax : +33 1 69 58 80 17<br>Mail : mairie-abbeville-la-riviere@wanadoo.fr<\/p>\n\n\n\n<h2 class=\"wp-block-heading\">Vos Toutous<\/h2>\n\n\n\n<p style=\"margin-top:0;margin-bottom:0\">La Vie de vos toutous : Soyez attentif \u00e0 ne pas laisser votre animal aboyer toute la journ\u00e9e et m\u00eame quelquefois la nuit. Egalement, lors de la promenade dans les rues de notre commune, il est d\u00e9sagr\u00e9able de marcher dans les d\u00e9jections. Vous trouverez ci-joint pour rappel la copie de notre <a href=\"http:\/\/www.abbevillelariviere.fr\/wp-content\/uploads\/2015\/03\/Arrete_nuisances_abbeville.pdf\" target=\"_blank\" rel=\"noreferrer noopener\">arr\u00eat\u00e9 n\u00b0 4\/2014 de lutte contre les nuisances<\/a> de<br>voisinage et de comportement.<\/p>\n<\/div>\n\n\n\n<div class=\"wp-block-column is-layout-flow wp-block-column-is-layout-flow\">\n<h2 class=\"wp-block-heading\">Num\u00e9ros Utiles et  Artisants<\/h2>\n\n\n\n<p style=\"margin-top:0;margin-bottom:0\">Une page des num\u00e9ros utiles se <a href=\"http:\/\/www.abbevillelariviere.fr\/?page_id=62\">trouve ici<\/a>  et les artisans de la commune se <a href=\"http:\/\/www.abbevillelariviere.fr\/?page_id=46\">trouve ici<\/a><\/p>\n\n\n\n<h2 class=\"wp-block-heading\">Transport \u00e0 la demande<\/h2>\n\n\n\n<p style=\"margin-top:0;margin-bottom:0\">Transport \u00e0 la demande (TAD) : Ce service autorise toute personne (y compris les personnes \u00e0 mobilit\u00e9 r\u00e9duite) \u00e0 pouvoir b\u00e9n\u00e9ficier d\u2019un transport lui permettant de se rendre dans n\u2019importe laquelle des 24 communes desservies.<br>0800 971 251<\/p>\n\n\n\n<h2 class=\"wp-block-heading\">Les BUS<\/h2>\n\n\n\n<p style=\"margin-top:0;margin-bottom:0\">Ligne 318 ESTOUCHES-ETAMPES <br><a href=\"http:\/\/www.abbevillelariviere.fr\/wp-content\/uploads\/2024\/11\/Ligne-Bus-318.pdf\">Ligne-Bus-318<\/a><br>Ligne 284-002 : BOIGNEVILLE &#8211; \u00c9TAMPES ( Pour boischampbault)&nbsp;<a href=\"http:\/\/www.abbevillelariviere.fr\/wp-content\/uploads\/2024\/11\/Ligne-Bus-284-002.pdf\">Ligne-Bus-284-002<\/a><\/p>\n<\/div>\n\n\n\n<div class=\"wp-block-column is-layout-flow wp-block-column-is-layout-flow\">\n<h2 class=\"wp-block-heading\">Les encombrants<\/h2>\n\n\n\n<p>Vous avez des objets encombrants, dont vous ne savez quoi faire ? Le SEDRE propose sur l\u2019ensemble de son territoire une toute nouvelle formule pour les g\u00e9rer : \u00ab Allo encombrants \u00bb De quoi s\u2019agit-il ? <\/p>\n\n\n\n<p>\u00ab Allo encombrants \u00bb est un service pratique qui vous permet sur simple appel t\u00e9l\u00e9phonique de vous d\u00e9barrasser de vos objets encombrants. Les d\u00e9chets accept\u00e9s sont les m\u00eames que sous l\u2019ancienne formule : Les meubles, les menuiseries, les vieilles ferrailles ainsi que les grands cartons pli\u00e9s et vid\u00e9s dans la limite de 1m3.<\/p>\n\n\n\n<p>Simplicit\u00e9 muni de votre num\u00e9ro d\u2019abonn\u00e9, un simple appel (au 01.64.56.03.63) pour une prise de rendez-vous et vos encombrants seront d\u00e9barrass\u00e9s en fonction de vos besoins.<\/p>\n<\/div>\n<\/div>\n\n\n\n<div class=\"wp-block-columns is-layout-flex wp-container-core-columns-is-layout-2 wp-block-columns-is-layout-flex\">\n<div class=\"wp-block-column is-layout-flow wp-block-column-is-layout-flow\">\n<h2 class=\"wp-block-heading\">Nuisances Sonores<\/h2>\n\n\n\n<p><em>&#8216;article R1334-31 indique qu&#8217;aucun bruit particulier ne doit, par sa dur\u00e9e, sa r\u00e9p\u00e9tition ou son intensit\u00e9, porter atteinte \u00e0 la tranquillit\u00e9 du voisinage ou \u00e0 la sant\u00e9 de l&#8217;homme&#8230;<\/em><\/p>\n\n\n\n<p>Les travaux r\u00e9alis\u00e9s par des particuliers \u00e0 l\u2019aide d\u2019outils ou d\u2019appareils susceptibles de causer une g\u00e8ne pour le voisinage en raison de leur intensit\u00e9 sonore, tels que tondeuses \u00e0 gazon, motoculteurs, tron\u00e7onneuses, perceuses, raboteuses, scies m\u00e9caniques etc&#8230;, ne peuvent \u00eatre effectu\u00e9s que :<\/p>\n\n\n\n<p class=\"has-text-align-center has-ast-global-color-4-background-color has-background\" style=\"margin-top:0;margin-bottom:0\"><strong>Du lundi au vendredi de <\/strong><br><strong>8h00 -12h00 et 13h30 &#8211; 19h30<\/strong><\/p>\n\n\n\n<p class=\"has-text-align-center has-luminous-vivid-amber-background-color has-background\" style=\"margin-top:0;margin-bottom:0\"><strong>Les samedis <\/strong><br><strong> 9h00 -12h00 et 14h00 &#8211; 19h00<\/strong><\/p>\n\n\n\n<p class=\"has-text-align-center has-pale-pink-background-color has-background\" style=\"margin-top:0;margin-bottom:0\"><strong>Les dimanches et jours f\u00e9ri\u00e9s <\/strong><br><strong>de 10h00 \u00e0 12h00<\/strong><\/p>\n\n\n\n<ul class=\"wp-block-list\"><\/ul>\n\n\n\n<p>Voila le d\u00e9tail de l&#8217; <a href=\"http:\/\/www.abbevillelariviere.fr\/wp-content\/uploads\/2018\/07\/arrete_nuisances2018.pdf\" target=\"_blank\" rel=\"noreferrer noopener\">Arr\u00eat\u00e9 sur les nuisances<\/a><\/p>\n\n\n\n<p><\/p>\n<\/div>\n\n\n\n<div class=\"wp-block-column is-layout-flow wp-block-column-is-layout-flow\">\n<h2 class=\"wp-block-heading\">D\u00e9ch\u00e8terie<\/h2>\n\n\n\n<p>La d\u00e9ch\u00e8terie de Saclas :<br>Rue de la Gare 91690 Saclas<br>T\u00e9l : 01.60.80.15.27<\/p>\n\n\n\n<p>Demandez votre badge \u00e0 la mairie si vous n&#8217;en avez pas.<\/p>\n\n\n\n<p>Consulter les horaires \u00e0 cette adresse : <a href=\"https:\/\/www.essonne.fr\/culture-loisirs-tourisme\/rencart-2\/detail\/decheterie-saclas\">https:\/\/www.essonne.fr\/culture-loisirs-tourisme\/rencart-2\/detail\/decheterie-saclas<\/a><\/p>\n\n\n\n<h2 class=\"wp-block-heading\">D\u00e9chets Verts<\/h2>\n\n\n\n<p>Vu le r\u00e8glement sanitaire d\u00e9partemental et notamment l\u2019article 84 \u00ab le br\u00fblage \u00e0 l\u2019air libre des ordures m\u00e9nag\u00e8res et tout autre d\u00e9chet est interdit \u00bb En effet, les d\u00e9chets verts et principalement les tontes de gazon sont assimil\u00e9s \u00e0 des d\u00e9chets m\u00e9nagers. En se consumant ils produisent des fum\u00e9es et des odeurs toxiques. En cons\u00e9quence vous avez la possibilit\u00e9 de faire du compostage ou de porter ces d\u00e9chets verts en d\u00e9chetteries.<\/p>\n\n\n\n<p>Ci-apr\u00e8s la circulaire officielle : <a href=\"http:\/\/www.abbevillelariviere.fr\/wp-content\/uploads\/2015\/02\/lettre-circulaire-11-fevrier-2014.pdf\" target=\"_blank\" rel=\"noreferrer noopener\">Lettre circulaire 11 fevrier 2014<\/a><\/p>\n<\/div>\n\n\n\n<div class=\"wp-block-column is-layout-flow wp-block-column-is-layout-flow\">\n<h2 class=\"wp-block-heading\">\u00c9lagage<\/h2>\n\n\n\n<p>Tout propri\u00e9taire est tenu de couper les branches de ses arbres ou haies qui d\u00e9passent sur le trottoir ou chez le voisin, au niveau de la limite s\u00e9paratrice. La hauteur maximale tol\u00e9r\u00e9e est de 2 m\u00e8tres.<\/p>\n\n\n\n<p>Les r\u00e8gles de distances \u00e0 respecter par rapport \u00e0 la limite de propri\u00e9t\u00e9 selon la hauteur de la plantation :<\/p>\n\n\n\n<ul class=\"wp-block-list\">\n<li>Inf\u00e9rieure ou \u00e9gale \u00e0 2 m\u00e8tres, 0,50 m\u00e8tre<\/li>\n\n\n\n<li>Sup\u00e9rieure \u00e0 2 m\u00e8tres, 2 m\u00e8tres.<\/li>\n<\/ul>\n\n\n\n<p>Les services municipaux peuvent proc\u00e9der \u00e0 l\u2019\u00e9lagage d\u2019office sur les voies communales, \u00e0 la charge financi\u00e8re du propri\u00e9taire si celui-ci n\u2019a pas fait le n\u00e9cessaire, suite \u00e0 la demande de la mairie<\/p>\n<\/div>\n<\/div>\n\n\n\n<p><\/p>\n","protected":false},"excerpt":{"rendered":"<p>Horaire Mairie Horaires d&#8217;ouverture :Le Lundi : de 15h00 \u00e0 19h00Le Mercredi\u00a0 : de 10h00 \u00e0 12h00 ( Urgence Seulement )Le Vendredi : de 15h00 \u00e0 19h00Le Samedi\u00a0 : de [&hellip;]<\/p>\n","protected":false},"author":1,"featured_media":0,"parent":0,"menu_order":0,"comment_status":"closed","ping_status":"closed","template":"","meta":{"site-sidebar-layout":"default","site-content-layout":"","ast-site-content-layout":"","site-content-style":"default","site-sidebar-style":"default","ast-global-header-display":"","ast-banner-title-visibility":"","ast-main-header-display":"","ast-hfb-above-header-display":"","ast-hfb-below-header-display":"","ast-hfb-mobile-header-display":"","site-post-title":"","ast-breadcrumbs-content":"","ast-featured-img":"","footer-sml-layout":"","theme-transparent-header-meta":"","adv-header-id-meta":"","stick-header-meta":"","header-above-stick-meta":"","header-main-stick-meta":"","header-below-stick-meta":"","astra-migrate-meta-layouts":"default","ast-page-background-enabled":"default","ast-page-background-meta":{"desktop":{"background-color":"var(--ast-global-color-4)","background-image":"","background-repeat":"repeat","background-position":"center center","background-size":"auto","background-attachment":"scroll","background-type":"","background-media":"","overlay-type":"","overlay-color":"","overlay-opacity":"","overlay-gradient":""},"tablet":{"background-color":"","background-image":"","background-repeat":"repeat","background-position":"center center","background-size":"auto","background-attachment":"scroll","background-type":"","background-media":"","overlay-type":"","overlay-color":"","overlay-opacity":"","overlay-gradient":""},"mobile":{"background-color":"","background-image":"","background-repeat":"repeat","background-position":"center center","background-size":"auto","background-attachment":"scroll","background-type":"","background-media":"","overlay-type":"","overlay-color":"","overlay-opacity":"","overlay-gradient":""}},"ast-content-background-meta":{"desktop":{"background-color":"var(--ast-global-color-5)","background-image":"","background-repeat":"repeat","background-position":"center center","background-size":"auto","background-attachment":"scroll","background-type":"","background-media":"","overlay-type":"","overlay-color":"","overlay-opacity":"","overlay-gradient":""},"tablet":{"background-color":"var(--ast-global-color-5)","background-image":"","background-repeat":"repeat","background-position":"center center","background-size":"auto","background-attachment":"scroll","background-type":"","background-media":"","overlay-type":"","overlay-color":"","overlay-opacity":"","overlay-gradient":""},"mobile":{"background-color":"var(--ast-global-color-5)","background-image":"","background-repeat":"repeat","background-position":"center center","background-size":"auto","background-attachment":"scroll","background-type":"","background-media":"","overlay-type":"","overlay-color":"","overlay-opacity":"","overlay-gradient":""}},"_EventAllDay":false,"_EventTimezone":"","_EventStartDate":"","_EventEndDate":"","_EventStartDateUTC":"","_EventEndDateUTC":"","_EventShowMap":false,"_EventShowMapLink":false,"_EventURL":"","_EventCost":"","_EventCostDescription":"","_EventCurrencySymbol":"","_EventCurrencyCode":"","_EventCurrencyPosition":"","_EventDateTimeSeparator":"","_EventTimeRangeSeparator":"","_EventOrganizerID":[],"_EventVenueID":[],"_OrganizerEmail":"","_OrganizerPhone":"","_OrganizerWebsite":"","_VenueAddress":"","_VenueCity":"","_VenueCountry":"","_VenueProvince":"","_VenueState":"","_VenueZip":"","_VenuePhone":"","_VenueURL":"","_VenueStateProvince":"","_VenueLat":"","_VenueLng":"","_VenueShowMap":false,"_VenueShowMapLink":false,"footnotes":""},"class_list":["post-2921","page","type-page","status-publish","hentry"],"_links":{"self":[{"href":"http:\/\/www.abbevillelariviere.fr\/index.php?rest_route=\/wp\/v2\/pages\/2921"}],"collection":[{"href":"http:\/\/www.abbevillelariviere.fr\/index.php?rest_route=\/wp\/v2\/pages"}],"about":[{"href":"http:\/\/www.abbevillelariviere.fr\/index.php?rest_route=\/wp\/v2\/types\/page"}],"author":[{"embeddable":true,"href":"http:\/\/www.abbevillelariviere.fr\/index.php?rest_route=\/wp\/v2\/users\/1"}],"replies":[{"embeddable":true,"href":"http:\/\/www.abbevillelariviere.fr\/index.php?rest_route=%2Fwp%2Fv2%2Fcomments&post=2921"}],"version-history":[{"count":9,"href":"http:\/\/www.abbevillelariviere.fr\/index.php?rest_route=\/wp\/v2\/pages\/2921\/revisions"}],"predecessor-version":[{"id":2934,"href":"http:\/\/www.abbevillelariviere.fr\/index.php?rest_route=\/wp\/v2\/pages\/2921\/revisions\/2934"}],"wp:attachment":[{"href":"http:\/\/www.abbevillelariviere.fr\/index.php?rest_route=%2Fwp%2Fv2%2Fmedia&parent=2921"}],"curies":[{"name":"wp","href":"https:\/\/api.w.org\/{rel}","templated":true}]}}