{"id":60,"date":"2015-02-01T18:55:14","date_gmt":"2015-02-01T18:55:14","guid":{"rendered":"http:\/\/www.abbevillelariviere.fr\/?page_id=60"},"modified":"2024-11-13T14:42:39","modified_gmt":"2024-11-13T13:42:39","slug":"etat-civil-service-a-la-population","status":"publish","type":"page","link":"https:\/\/www.abbevillelariviere.fr\/?page_id=60","title":{"rendered":"D\u00e9marches administratives"},"content":{"rendered":"<div class=\"wc-shortcodes-box wc-shortcodes-item wc-shortcodes-content wc-shortcodes-clearfix wc-shortcodes-box-primary \" style=\"text-align:left;\">\n<p>Cette rubrique est d\u00e9di\u00e9e aux d\u00e9marches administratives. vous pouvez \u00e9galement vous renseigner en ligne sur le site https:\/\/www.service-public.fr\/particuliers\/vosdroits\/demarches-et-outils<\/p>\n<\/div>\n\n\n<div class=\"wc-shortcodes-box wc-shortcodes-item wc-shortcodes-content wc-shortcodes-clearfix wc-shortcodes-box-secondary \" style=\"text-align:left;\">\n<p><span style=\"color: #ff6600;\"><strong>URBANISME<\/strong> &#8211; Pour toute demande concernant l&#8217;urbanisme, la commune a d\u00e9mat\u00e9rialis\u00e9 son urbanisme. Vous pouvez faire toutes vos d\u00e9marche en ligne . Une page est d\u00e9di\u00e9e \u00e0 cette possibilit\u00e9 : https:\/\/www.abbevillelariviere.fr\/?page_id=2734\u00a0<\/span><\/p>\n<\/div>\n\n\n\n<div class=\"wp-block-buttons is-content-justification-center is-layout-flex wp-container-core-buttons-is-layout-1 wp-block-buttons-is-layout-flex\">\n<div class=\"wp-block-button\"><a class=\"wp-block-button__link has-text-align-center wp-element-button\" href=\"https:\/\/www.abbevillelariviere.fr\/?page_id=2734\">Vos d\u00e9marches d&#8217;urbanisme<\/a><\/div>\n<\/div>\n\n\n\n<h3 class=\"wp-block-heading\">Travaux<\/h3>\n\n\n<div class=\"wc-shortcodes-toggle wc-shortcodes-item wc-shortcodes-toggle-layout-box\">\n<div class=\"wc-shortcodes-toggle-trigger\"><a href=\"#\">D\u00e9claration pr\u00e9alable de travaux<\/a><\/div>\n<div class=\"wc-shortcodes-toggle-content-wrapper\">\n<div style=\"\" class=\"wc-shortcodes-toggle-container wc-shortcodes-content\">\n<p>La d\u00e9claration pr\u00e9alable est un acte administratif qui donne les moyens \u00e0 l&#8217;administration de v\u00e9rifier que votre projet de construction respecte bien les r\u00e8gles d&#8217;urbanisme en vigueur. Elle est g\u00e9n\u00e9ralement exig\u00e9e pour la r\u00e9alisation d&#8217;am\u00e9nagement de faible importance.<\/p>\n<p>En savoir plus \u00e0 l&#8217;adresse suivante : <a href=\"http:\/\/vosdroits.service-public.fr\/particuliers\/F17578.xhtml\" target=\"_blank\" rel=\"noopener\">http:\/\/vosdroits.service-public.fr\/particuliers\/F17578.xhtml<\/a><\/p>\n<\/div>\n<\/div>\n<\/div>\n\n\n<div class=\"wc-shortcodes-toggle wc-shortcodes-item wc-shortcodes-toggle-layout-box\">\n<div class=\"wc-shortcodes-toggle-trigger\"><a href=\"#\">D\u00e9claration pr\u00e9alable &#8211; Construction, travaux, installations et am\u00e9nagements non soumis \u00e0 permis comprenant ou non des d\u00e9molitions<\/a><\/div>\n<div class=\"wc-shortcodes-toggle-content-wrapper\">\n<div style=\"\" class=\"wc-shortcodes-toggle-container wc-shortcodes-content\">\n<p>Permet notamment de r\u00e9aliser un am\u00e9nagement de faible importance (lotissement, camping, aire de stationnement, aire d&#8217;accueil de gens du voyage \u2026), des travaux (construction, modification de construction existante) ou un changement de destination soumis \u00e0 simple d\u00e9claration.<\/p>\n<p>En savoir plus \u00e0 l&#8217;adresse suivante : https:\/\/www.service-public.fr\/<\/p>\n<\/div>\n<\/div>\n<\/div>\n\n\n\n<h3 class=\"wp-block-heading\">Etat Civil<\/h3>\n\n\n<div class=\"wc-shortcodes-toggle wc-shortcodes-item wc-shortcodes-toggle-layout-box\">\n<div class=\"wc-shortcodes-toggle-trigger\"><a href=\"#\">Carte nationale d&#039;identit\u00e9<\/a><\/div>\n<div class=\"wc-shortcodes-toggle-content-wrapper\">\n<div style=\"\" class=\"wc-shortcodes-toggle-container wc-shortcodes-content\">\n<p>our demander une carte nationale d&#8217;identit\u00e9, les pi\u00e8ces justificatives n\u00e9cessaires d\u00e9pendent de la situation : majeur ou mineur, premi\u00e8re demande ou renouvellement, possession (ou non) d&#8217;un passeport&#8230; Les d\u00e9lais de fabrication d\u00e9pendent du lieu et de la p\u00e9riode. S&#8217;il s&#8217;agit d&#8217;une nouvelle carte d&#8217;identit\u00e9 (format carte bancaire), elle est valable 10 ans.<\/p>\n<div class=\"wc-shortcodes-testimonial wc-shortcodes-item wc-shortcodes-clearfix wc-shortcodes-testimonial-left \">\n<div class=\"wc-shortcodes-testimonial-content wc-shortcodes-content\">\n<p><i class=\"wc-shortcodes-fa fa fa-file-pdf-o \" style=\"\"><\/i> https:\/\/www.service-public.fr\/particuliers\/vosdroits\/N358<\/p>\n<\/div>\n<div class=\"wc-shortcodes-testimonial-author\">T\u00e9l\u00e9charger le formulaire correspondant \u00e0 votre demande<\/div>\n<\/div>\n<\/div>\n<\/div>\n<\/div>\n\n\n<div class=\"wc-shortcodes-toggle wc-shortcodes-item wc-shortcodes-toggle-layout-box\">\n<div class=\"wc-shortcodes-toggle-trigger\"><a href=\"#\">Passeport biom\u00e9trique<\/a><\/div>\n<div class=\"wc-shortcodes-toggle-content-wrapper\">\n<div style=\"\" class=\"wc-shortcodes-toggle-container wc-shortcodes-content\">\n<p>Pour faire un passeport biom\u00e9trique, il faut le demander dans une mairie \u00e9quip\u00e9e avec les justificatifs n\u00e9cessaires. Les documents d\u00e9pendent de la situation : majeur ou mineur, premi\u00e8re demande ou renouvellement&#8230;. Dans tous les cas, il faut fournir une photo, un justificatif de domicile et un timbre fiscal. En France, il co\u00fbte\u00a0<span class=\"sp-prix\">86\u00a0\u20ac<\/span>\u00a0pour un majeur. Vous pouvez pr\u00e9-remplir le dossier sur le site ants.gouv.fr. Le d\u00e9lai pour faire le passeport d\u00e9pend de la p\u00e9riode et du lieu<\/p>\n<div class=\"wc-shortcodes-testimonial wc-shortcodes-item wc-shortcodes-clearfix wc-shortcodes-testimonial-right \">\n<div class=\"wc-shortcodes-testimonial-content wc-shortcodes-content\">\n<p><i class=\"wc-shortcodes-fa fa fa-file-pdf-o \" style=\"\"><\/i> <a href=\"_wp_link_placeholder\" data-wplink-edit=\"true\">https:\/\/www.service-public.fr\/particuliers\/vosdroits\/N360<\/a><\/p>\n<\/div>\n<div class=\"wc-shortcodes-testimonial-author\">T\u00e9l\u00e9charger le formulaire correspondant \u00e0 votre demande<\/div>\n<\/div>\n<\/div>\n<\/div>\n<\/div>\n\n\n<div class=\"wc-shortcodes-toggle wc-shortcodes-item wc-shortcodes-toggle-layout-box\">\n<div class=\"wc-shortcodes-toggle-trigger\"><a href=\"#\">Autorisation de sortie du territoire pour les mineurs de nationalit\u00e9 fran\u00e7aise<\/a><\/div>\n<div class=\"wc-shortcodes-toggle-content-wrapper\">\n<div style=\"\" class=\"wc-shortcodes-toggle-container wc-shortcodes-content\">\n<p>L&#8217;autorisation de sortie du territoire n&#8217;existe plus depuis le 1er janvier 2013.<\/p>\n<\/div>\n<\/div>\n<\/div>\n\n\n<div class=\"wc-shortcodes-toggle wc-shortcodes-item wc-shortcodes-toggle-layout-box\">\n<div class=\"wc-shortcodes-toggle-trigger\"><a href=\"#\">Copie int\u00e9grale d\u2019acte de naissance<\/a><\/div>\n<div class=\"wc-shortcodes-toggle-content-wrapper\">\n<div style=\"\" class=\"wc-shortcodes-toggle-container wc-shortcodes-content\">\n<h3>O\u00f9 s&#8217;adresser ?<\/h3>\n<p>Elle s\u2019obtient soit directement \u00e0 la mairie de naissance, soit par courrier ou par mail.<\/p>\n<h3>Renseignements \u00e0 fournir<\/h3>\n<ul>\n<li>Date de naissance<\/li>\n<li>Nom<\/li>\n<li>Pr\u00e9noms (nom de jeune fille pour les femmes mari\u00e9es)<\/li>\n<li>Noms et pr\u00e9noms des parents (pr\u00e9ciser votre lien de parent\u00e9)<\/li>\n<li>Pi\u00e8ce d\u2019identit\u00e9 ou livret de famille<\/li>\n<\/ul>\n<h3>Pour information<\/h3>\n<p>Les personnes de nationalit\u00e9 fran\u00e7aise n\u00e9es \u00e0 l&#8217;\u00e9tranger doivent s&#8217;adresser au service central de l&#8217;Etat Civil (44941 Nantes Cedex 9) ou sur le \u2028<a href=\"http:\/\/www.diplomatie.gouv.fr\/etrangers\/scec\/demande.html\" target=\"_blank\" rel=\"noopener\">site internet du minist\u00e8re des Affaires \u00e9trang\u00e8res<\/a>.<\/p>\n<\/div>\n<\/div>\n<\/div>\n\n\n<div class=\"wc-shortcodes-toggle wc-shortcodes-item wc-shortcodes-toggle-layout-box\">\n<div class=\"wc-shortcodes-toggle-trigger\"><a href=\"#\">Copie int\u00e9grale d&#039;acte de mariage<\/a><\/div>\n<div class=\"wc-shortcodes-toggle-content-wrapper\">\n<div style=\"\" class=\"wc-shortcodes-toggle-container wc-shortcodes-content\">\n<h3>O\u00f9 s&#8217;adresser ?<\/h3>\n<p>Mairie du lieu de mariage.<\/p>\n<h3>Renseignements \u00e0 fournir<\/h3>\n<ul>\n<li>Date du mariage<\/li>\n<li>Nom et pr\u00e9noms<\/li>\n<li>Noms et pr\u00e9noms usuels des parents<\/li>\n<li>Pr\u00e9ciser \u00e9galement votre lien de parent\u00e9<\/li>\n<\/ul>\n<h3>Qui peut la demander ?<\/h3>\n<ul>\n<li>Chacun des \u00e9poux (ou, s&#8217;il y a lieu son repr\u00e9sentant l\u00e9gal),<\/li>\n<li>Les ascendants ou descendants,<\/li>\n<li>Le procureur de la R\u00e9publique ainsi que les personnes qu&#8217;il autorise,<\/li>\n<li>Le greffier en chef du tribunal d&#8217;instance pour l&#8217;\u00e9tablissement des certificats de nationalit\u00e9 fran\u00e7aise,<\/li>\n<li>Les administrations publiques, si les lois ou r\u00e8glements les y autorisent.<\/li>\n<li>Les avocats, avou\u00e9s et notaires pour le compte de leurs clients, en tant que mandataires.<\/li>\n<\/ul>\n<\/div>\n<\/div>\n<\/div>\n\n\n<div class=\"wc-shortcodes-toggle wc-shortcodes-item wc-shortcodes-toggle-layout-box\">\n<div class=\"wc-shortcodes-toggle-trigger\"><a href=\"#\">Copie d&#039;acte de d\u00e9c\u00e8s<\/a><\/div>\n<div class=\"wc-shortcodes-toggle-content-wrapper\">\n<div style=\"\" class=\"wc-shortcodes-toggle-container wc-shortcodes-content\">\n<h3>O\u00f9 s&#8217;adresser ?<\/h3>\n<p>Mairie du lieu de d\u00e9c\u00e8s ou du dernier domicile.<\/p>\n<h3>Renseignements \u00e0 fournir<\/h3>\n<ul>\n<li>Date du d\u00e9c\u00e8s<\/li>\n<li>Nom et pr\u00e9noms du d\u00e9funt<\/li>\n<\/ul>\n<\/div>\n<\/div>\n<\/div>\n\n\n<div class=\"wc-shortcodes-toggle wc-shortcodes-item wc-shortcodes-toggle-layout-box\">\n<div class=\"wc-shortcodes-toggle-trigger\"><a href=\"#\">Livret de famille (duplicata)<\/a><\/div>\n<div class=\"wc-shortcodes-toggle-content-wrapper\">\n<div style=\"\" class=\"wc-shortcodes-toggle-container wc-shortcodes-content\">\n<h3>O\u00f9 s&#8217;adresser ?<\/h3>\n<p>Mairie du lieu du domicile.<\/p>\n<h3>Pi\u00e8ces \u00e0 fournir<\/h3>\n<ul>\n<li>Fournir l&#8217;\u00e9tat civil des conjoints et des enfants.<\/li>\n<\/ul>\n<h3>Pour information<\/h3>\n<ul>\n<li>En cas de divorce, l&#8217;ex-conjoint peut obtenir un duplicata.<\/li>\n<li>Les copies int\u00e9grales ne peuvent \u00eatre obtenues que par l\u2019int\u00e9ress\u00e9 et par ses ascendants et descendants en ligne directe, les extraits avec filiation par les m\u00eames plus les collat\u00e9raux et enfin les extraits sans filiation par tous.<\/li>\n<\/ul>\n<\/div>\n<\/div>\n<\/div>\n\n\n<div class=\"wc-shortcodes-toggle wc-shortcodes-item wc-shortcodes-toggle-layout-box\">\n<div class=\"wc-shortcodes-toggle-trigger\"><a href=\"#\">Pour une reconnaissance anticip\u00e9e de naissance<\/a><\/div>\n<div class=\"wc-shortcodes-toggle-content-wrapper\">\n<div style=\"\" class=\"wc-shortcodes-toggle-container wc-shortcodes-content\">\n<h3>O\u00f9 s&#8217;adresser ?<\/h3>\n<p>Mairie du lieu du domicile.<\/p>\n<h3>Pi\u00e8ces \u00e0 fournir<\/h3>\n<ul>\n<li>Fournir l&#8217;\u00e9tat civil des conjoints et des enfants.<\/li>\n<\/ul>\n<h3>Pour information<\/h3>\n<ul>\n<li>En cas de divorce, l&#8217;ex-conjoint peut obtenir un duplicata.<\/li>\n<li>Les copies int\u00e9grales ne peuvent \u00eatre obtenues que par l\u2019int\u00e9ress\u00e9 et par ses ascendants et descendants en ligne directe, les extraits avec filiation par les m\u00eames plus les collat\u00e9raux et enfin les extraits sans filiation par tous.<\/li>\n<\/ul>\n<\/div>\n<\/div>\n<\/div>\n\n\n<div class=\"wc-shortcodes-toggle wc-shortcodes-item wc-shortcodes-toggle-layout-box\">\n<div class=\"wc-shortcodes-toggle-trigger\"><a href=\"#\">Pour d\u00e9clarer une naissance<\/a><\/div>\n<div class=\"wc-shortcodes-toggle-content-wrapper\">\n<div style=\"\" class=\"wc-shortcodes-toggle-container wc-shortcodes-content\">\n<p>La d\u00e9claration de naissance sera effectu\u00e9e obligatoirement par le p\u00e8re dans les 3 jours suivant la naissance au service Etat civil de la Mairie d&#8217;Abb\u00e9ville La Rivi\u00e8re.<\/p>\n<p>La loi fait obligation de d\u00e9clarer l&#8217;enfant dans les 3 jours suivant la naissance (hors dimanche et jour f\u00e9ri\u00e9) faute de quoi, le Procureur de la R\u00e9publique devra \u00eatre saisi afin de r\u00e9gulariser cette situation.<\/p>\n<h3>Pi\u00e8ces \u00e0 fournir<\/h3>\n<ul>\n<li>D\u00e9claration de naissance sign\u00e9e du m\u00e9decin ou de la sage-femme<\/li>\n<li>Livret de famille, si vous en poss\u00e9dez un<\/li>\n<li>Pi\u00e8ces d&#8217;identit\u00e9 des parents (ou \u00e0 d\u00e9faut l&#8217;acte de naissance ou acte de mariage)<\/li>\n<li>Reconnaissance anticip\u00e9e, si existante<\/li>\n<\/ul>\n<\/div>\n<\/div>\n<\/div>\n\n\n<div class=\"wc-shortcodes-toggle wc-shortcodes-item wc-shortcodes-toggle-layout-box\">\n<div class=\"wc-shortcodes-toggle-trigger\"><a href=\"#\">Pour d\u00e9clarer un d\u00e9c\u00e8s<\/a><\/div>\n<div class=\"wc-shortcodes-toggle-content-wrapper\">\n<div style=\"\" class=\"wc-shortcodes-toggle-container wc-shortcodes-content\">\n<h3>O\u00f9 s&#8217;adresser ?<\/h3>\n<p>Les pompes fun\u00e8bres font g\u00e9n\u00e9ralement cette d\u00e9marche, vous pouvez aussi vous pr\u00e9senter \u00e0 la mairie du lieu de d\u00e9c\u00e8s dans les 24 heures.<\/p>\n<h3>Pi\u00e8ces \u00e0 fournir<\/h3>\n<ul>\n<li>Certificat m\u00e9dical,<\/li>\n<li>Livret de famille ou acte de naissance du d\u00e9funt<\/li>\n<\/ul>\n<\/div>\n<\/div>\n<\/div>\n\n\n<div class=\"wc-shortcodes-toggle wc-shortcodes-item wc-shortcodes-toggle-layout-box\">\n<div class=\"wc-shortcodes-toggle-trigger\"><a href=\"#\">Mariage<\/a><\/div>\n<div class=\"wc-shortcodes-toggle-content-wrapper\">\n<div style=\"\" class=\"wc-shortcodes-toggle-container wc-shortcodes-content\">\n<h3>Lieu du mariage<\/h3>\n<p>Les futurs \u00e9poux doivent justifier de leur domicile ou de leur r\u00e9sidence sur la commune et\/ou de leurs parents (p\u00e8re\/m\u00e8re).<\/p>\n<p>Lorsque le mariage est c\u00e9l\u00e9br\u00e9 \u00e0 l&#8217;\u00e9tranger, il faut obligatoirement enregistrer la transcription sur les registres de l&#8217;\u00e9tat civil fran\u00e7ais.<\/p>\n<p>La c\u00e9l\u00e9bration du mariage doit \u00eatre faite par un officier de l&#8217;\u00e9tat civil, \u00e0 la mairie, en pr\u00e9sence d&#8217;au moins deux t\u00e9moins, et de 4 au plus, parents ou non des \u00e9poux, \u00e2g\u00e9s de 18 ans au moins.<\/p>\n<p>Lors de la c\u00e9l\u00e9bration du mariage, le livret de famille est d\u00e9livr\u00e9 gratuitement aux \u00e9poux.<br \/>\nIl est conseill\u00e9 de venir retirer le dossier en mairie et de retenir suffisamment t\u00f4t la date et l&#8217;heure.<\/p>\n<\/div>\n<\/div>\n<\/div>\n\n\n<div class=\"wc-shortcodes-toggle wc-shortcodes-item wc-shortcodes-toggle-layout-box\">\n<div class=\"wc-shortcodes-toggle-trigger\"><a href=\"#\">Pacte Civil de Solidarit\u00e9 &#8211; PACS<\/a><\/div>\n<div class=\"wc-shortcodes-toggle-content-wrapper\">\n<div style=\"\" class=\"wc-shortcodes-toggle-container wc-shortcodes-content\">\n<h3>O\u00f9 s&#8217;adresser ?<\/h3>\n<p>Au tribunal d&#8217;instance d\u2019Etampes. Il vous propose un guide dans lequel vous trouverez les conditions et formalit\u00e9s \u00e0 accomplir. La d\u00e9marche peut \u00e9galement \u00eatre accomplie chez un notaire. www.notaires91.com<\/p>\n<h3>Pi\u00e8ces \u00e0 produire pour obtenir l&#8217;enregistrement du PACS<\/h3>\n<ul>\n<li>Une convention en double original,<\/li>\n<li>L&#8217;acte de naissance en copie int\u00e9grale de chaque partenaire,<\/li>\n<li>Une pi\u00e8ce d&#8217;identit\u00e9 chacun,<\/li>\n<li>Les deux attestations de non engagement dans les liens d&#8217;un PACS (tribunal d&#8217;instance du lieu de naissance),<\/li>\n<li>Attestation sur l&#8217;honneur par laquelle ils fixent leur r\u00e9sidence \u00e0 &#8230; dans le ressort du tribunal d&#8217;instance d&#8217;Etampes,<\/li>\n<\/ul>\n<p>Lorsque toutes les pi\u00e8ces sont r\u00e9unies, ils doivent prendre rendez-vous avec la greffi\u00e8re en chef pour l&#8217;enregistrement du PACS.<\/p>\n<p>Le tribunal d&#8217;instance d&#8217;Etampes est comp\u00e9tent pour les personnes domicili\u00e9es dans le ressort.<\/p>\n<h3>Pi\u00e8ces \u00e0 fournir pour obtenir une attestation de non engagement dans les liens d&#8217;un PACS<\/h3>\n<ul>\n<li>Demande \u00e9crite<\/li>\n<li>Copie de la carte d&#8217;identit\u00e9, du passeport,<\/li>\n<li>Enveloppe timbr\u00e9e pour la r\u00e9ponse.<\/li>\n<\/ul>\n<h3>La dissolution du PACS<\/h3>\n<p>Le pacte civil de solidarit\u00e9 (PACS) se dissout :<\/p>\n<ul>\n<li>par la mort de l&#8217;un des partenaires,<\/li>\n<li>par le mariage des partenaires ou de l&#8217;un d&#8217;eux,<\/li>\n<li>par d\u00e9claration conjointe des partenaires ou d\u00e9cision unilat\u00e9rale de l&#8217;un d&#8217;eux.<\/li>\n<\/ul>\n<\/div>\n<\/div>\n<\/div>\n","protected":false},"excerpt":{"rendered":"<p>Travaux Etat Civil<\/p>\n","protected":false},"author":2,"featured_media":0,"parent":16,"menu_order":0,"comment_status":"closed","ping_status":"closed","template":"","meta":{"site-sidebar-layout":"default","site-content-layout":"","ast-site-content-layout":"","site-content-style":"default","site-sidebar-style":"default","ast-global-header-display":"","ast-banner-title-visibility":"","ast-main-header-display":"","ast-hfb-above-header-display":"","ast-hfb-below-header-display":"","ast-hfb-mobile-header-display":"","site-post-title":"","ast-breadcrumbs-content":"","ast-featured-img":"","footer-sml-layout":"","theme-transparent-header-meta":"","adv-header-id-meta":"","stick-header-meta":"","header-above-stick-meta":"","header-main-stick-meta":"","header-below-stick-meta":"","astra-migrate-meta-layouts":"default","ast-page-background-enabled":"default","ast-page-background-meta":{"desktop":{"background-color":"var(--ast-global-color-4)","background-image":"","background-repeat":"repeat","background-position":"center center","background-size":"auto","background-attachment":"scroll","background-type":"","background-media":"","overlay-type":"","overlay-color":"","overlay-opacity":"","overlay-gradient":""},"tablet":{"background-color":"","background-image":"","background-repeat":"repeat","background-position":"center center","background-size":"auto","background-attachment":"scroll","background-type":"","background-media":"","overlay-type":"","overlay-color":"","overlay-opacity":"","overlay-gradient":""},"mobile":{"background-color":"","background-image":"","background-repeat":"repeat","background-position":"center center","background-size":"auto","background-attachment":"scroll","background-type":"","background-media":"","overlay-type":"","overlay-color":"","overlay-opacity":"","overlay-gradient":""}},"ast-content-background-meta":{"desktop":{"background-color":"var(--ast-global-color-5)","background-image":"","background-repeat":"repeat","background-position":"center center","background-size":"auto","background-attachment":"scroll","background-type":"","background-media":"","overlay-type":"","overlay-color":"","overlay-opacity":"","overlay-gradient":""},"tablet":{"background-color":"var(--ast-global-color-5)","background-image":"","background-repeat":"repeat","background-position":"center center","background-size":"auto","background-attachment":"scroll","background-type":"","background-media":"","overlay-type":"","overlay-color":"","overlay-opacity":"","overlay-gradient":""},"mobile":{"background-color":"var(--ast-global-color-5)","background-image":"","background-repeat":"repeat","background-position":"center center","background-size":"auto","background-attachment":"scroll","background-type":"","background-media":"","overlay-type":"","overlay-color":"","overlay-opacity":"","overlay-gradient":""}},"_EventAllDay":false,"_EventTimezone":"","_EventStartDate":"","_EventEndDate":"","_EventStartDateUTC":"","_EventEndDateUTC":"","_EventShowMap":false,"_EventShowMapLink":false,"_EventURL":"","_EventCost":"","_EventCostDescription":"","_EventCurrencySymbol":"","_EventCurrencyCode":"","_EventCurrencyPosition":"","_EventDateTimeSeparator":"","_EventTimeRangeSeparator":"","_EventOrganizerID":[],"_EventVenueID":[],"_OrganizerEmail":"","_OrganizerPhone":"","_OrganizerWebsite":"","_VenueAddress":"","_VenueCity":"","_VenueCountry":"","_VenueProvince":"","_VenueState":"","_VenueZip":"","_VenuePhone":"","_VenueURL":"","_VenueStateProvince":"","_VenueLat":"","_VenueLng":"","_VenueShowMap":false,"_VenueShowMapLink":false,"footnotes":""},"class_list":["post-60","page","type-page","status-publish","hentry"],"_links":{"self":[{"href":"https:\/\/www.abbevillelariviere.fr\/index.php?rest_route=\/wp\/v2\/pages\/60"}],"collection":[{"href":"https:\/\/www.abbevillelariviere.fr\/index.php?rest_route=\/wp\/v2\/pages"}],"about":[{"href":"https:\/\/www.abbevillelariviere.fr\/index.php?rest_route=\/wp\/v2\/types\/page"}],"author":[{"embeddable":true,"href":"https:\/\/www.abbevillelariviere.fr\/index.php?rest_route=\/wp\/v2\/users\/2"}],"replies":[{"embeddable":true,"href":"https:\/\/www.abbevillelariviere.fr\/index.php?rest_route=%2Fwp%2Fv2%2Fcomments&post=60"}],"version-history":[{"count":39,"href":"https:\/\/www.abbevillelariviere.fr\/index.php?rest_route=\/wp\/v2\/pages\/60\/revisions"}],"predecessor-version":[{"id":2867,"href":"https:\/\/www.abbevillelariviere.fr\/index.php?rest_route=\/wp\/v2\/pages\/60\/revisions\/2867"}],"up":[{"embeddable":true,"href":"https:\/\/www.abbevillelariviere.fr\/index.php?rest_route=\/wp\/v2\/pages\/16"}],"wp:attachment":[{"href":"https:\/\/www.abbevillelariviere.fr\/index.php?rest_route=%2Fwp%2Fv2%2Fmedia&parent=60"}],"curies":[{"name":"wp","href":"https:\/\/api.w.org\/{rel}","templated":true}]}}