{"id":70,"date":"2015-02-01T19:01:39","date_gmt":"2015-02-01T19:01:39","guid":{"rendered":"http:\/\/www.abbevillelariviere.fr\/?page_id=70"},"modified":"2022-09-04T15:01:43","modified_gmt":"2022-09-04T15:01:43","slug":"calendrier-collecte-des-ordures-menageres","status":"publish","type":"page","link":"https:\/\/www.abbevillelariviere.fr\/?page_id=70","title":{"rendered":"D\u00e9chets et Ordures M\u00e9nag\u00e8res"},"content":{"rendered":"<div class=\"wc-shortcodes-row wc-shortcodes-item wc-shortcodes-clearfix\">\n<div class=\"wc-shortcodes-column wc-shortcodes-content wc-shortcodes-two-third wc-shortcodes-column-first \">\n<h2>UNE REDEVANCE INCITATIVE<br \/>\nPOUR UNE MEILLEURE GESTION DES D\u00c9CHETS<\/h2>\n<p>Depuis le 1er janvier 2011, la redevance incitative a remplac\u00e9 la taxe sur les ordures m\u00e9nag\u00e8res.<\/p>\n<p>Dans le cadre du 1er Grenelle de l&#8217;environnement, la gestion des d\u00e9chets a \u00e9t\u00e9 mise \u00e0 l&#8217;honneur. Une loi favorisant la diminution des ordures m\u00e9nag\u00e8res et l&#8217;augmentation du recyclage a \u00e9t\u00e9 vot\u00e9e en ao\u00fbt 2009 pr\u00e9cisant que, dans un d\u00e9lai de cinq ans, une tarification incitative devait \u00eatre instaur\u00e9e par les collectivit\u00e9s territoriales.<br \/>\nLe SEDRE, Syndicat d&#8217;Elimination des D\u00e9chets de la R\u00e9gion d&#8217;\u00c9TAMPES, a d\u00e9cid\u00e9 d&#8217;anticiper l&#8217;\u00e9ch\u00e9ance r\u00e9glementaire et a mis en place d\u00e8s 2011 la redevance incitative au sein de ses 19 communes.<\/p>\n<p><strong>Qu&#8217;est-ce que la Redevance incitative ?<\/strong><\/p>\n<p>Contrairement \u00e0 l&#8217;actuelle Taxe d&#8217;Enl\u00e8vement des Ordures M\u00e9nag\u00e8res qui est un imp\u00f4t local bas\u00e9 sur la valeur immobili\u00e8re des foyers (taxe fonci\u00e8re), la redevance incitative est un financement \u00e9quitable li\u00e9 au service rendu. Il applique le principe \u00ab pollueur payeur \u00bb<br \/>\nou \u00ab producteur payeur \u00bb. Au m\u00eame titre que l&#8217;eau ou l&#8217;\u00e9lectricit\u00e9, chaque usager paye en fonction de sa \u00ab consommation \u00bb, \u00e0 savoir la quantit\u00e9 de d\u00e9chets qu&#8217;il produit et qu&#8217;il pr\u00e9sente \u00e0 la collecte.<br \/>\nLes habitants sont donc encourag\u00e9s \u00e0 modifier leur comportement en renfor\u00e7ant leur geste de tri afin de limiter leur production d&#8217;ordures m\u00e9nag\u00e8res.<\/p>\n<p><strong>Comment l&#8217;appliquer ?<\/strong><\/p>\n<p>Chaque usager est dot\u00e9 d&#8217;un bac \u00e0 ordures m\u00e9nag\u00e8res \u00e9quip\u00e9 d\u2019une puce \u00e9lectronique.<br \/>\nCe syst\u00e8me permet d&#8217;identifier et d\u2019enregistrer des collectes par la benne de collecte afin de r\u00e9aliser par la suite une facturation individualis\u00e9e.<\/p>\n<p><strong>La tarification est structur\u00e9e en 2 parts.<\/strong><\/p>\n<p>Une part fixe identique et obligatoire pour chaque redevable par logement (producteur de d\u00e9chets). Il s&#8217;agit de l\u2019abonnement au Service Public d\u2019Elimination des D\u00e9chets couvrant les charges fixes du service (administration, entretien, gestion des bacs, amortissement).<br \/>\nCet abonnement inclut, pour les communes qui en ont fait le choix, une part li\u00e9e au service sp\u00e9cifique de collecte des v\u00e9g\u00e9taux.<\/p>\n<p>Une part variable incitative au tri et proportionnelle au volume du (des) bac(s). Cette part correspond \u00e0 l\u2019utilisation du Service Public d\u2019Elimination des D\u00e9chets. Elle comprend le forfait annuel de 18 lev\u00e9es ainsi que les \u00e9ventuelles lev\u00e9es suppl\u00e9mentaires.<br \/>\nCe forfait est actuellement fix\u00e9 \u00e0 18 vidages par an et est remis en cause chaque ann\u00e9e par d\u00e9lib\u00e9ration syndicale.<\/p>\n<p>Cette part inclut \u00e9galement les autres collectes (emballages et papiers, verre, v\u00e9g\u00e9taux et encombrants) ainsi que le prix du traitement des d\u00e9chets collect\u00e9s et,enfin, l&#8217;acc\u00e8s libre au r\u00e9seau d\u00e9ch\u00e8teries du SIREDOM.<\/p>\n<\/div>\n<div class=\"wc-shortcodes-column wc-shortcodes-content wc-shortcodes-one-third wc-shortcodes-column-last \">\n<div class=\"wc-shortcodes-box wc-shortcodes-item wc-shortcodes-content wc-shortcodes-clearfix wc-shortcodes-box-secondary \" style=\"text-align:left;\">\n<p><strong>Un doute, une question au sujet <\/strong><br \/>\n<strong>de votre abonnement, de votre facture <\/strong><strong>ou de votre bac<\/strong><br \/>\nContacter le Service Clients via le site internet du sedre : https:\/\/sedre91.fr\/<\/p>\n<p>Premier usager ? https:\/\/sedre91.webusager.fr\/sedre91\/pages\/p_demarches.aspx?tevt=20181204213717326228<\/p>\n<\/div>\n<div class=\"wc-shortcodes-box wc-shortcodes-item wc-shortcodes-content wc-shortcodes-clearfix wc-shortcodes-box-warning \" style=\"text-align:left;\">\n<\/div>\n<div class=\"wc-shortcodes-box wc-shortcodes-item wc-shortcodes-content wc-shortcodes-clearfix wc-shortcodes-box-secondary \" style=\"text-align:left;\">\n<ul>\n<li><\/li>\n<\/ul>\n<\/div>\n<\/div>\n<\/div>\n","protected":false},"excerpt":{"rendered":"<p>UNE REDEVANCE INCITATIVE POUR UNE MEILLEURE GESTION DES D\u00c9CHETS Depuis le 1er janvier 2011, la redevance incitative a remplac\u00e9 la taxe sur les ordures m\u00e9nag\u00e8res. Dans le cadre du 1er [&hellip;]<\/p>\n","protected":false},"author":2,"featured_media":0,"parent":16,"menu_order":0,"comment_status":"closed","ping_status":"closed","template":"","meta":{"site-sidebar-layout":"default","site-content-layout":"","ast-site-content-layout":"","site-content-style":"default","site-sidebar-style":"default","ast-global-header-display":"","ast-banner-title-visibility":"","ast-main-header-display":"","ast-hfb-above-header-display":"","ast-hfb-below-header-display":"","ast-hfb-mobile-header-display":"","site-post-title":"","ast-breadcrumbs-content":"","ast-featured-img":"","footer-sml-layout":"","theme-transparent-header-meta":"","adv-header-id-meta":"","stick-header-meta":"","header-above-stick-meta":"","header-main-stick-meta":"","header-below-stick-meta":"","astra-migrate-meta-layouts":"default","ast-page-background-enabled":"default","ast-page-background-meta":{"desktop":{"background-color":"var(--ast-global-color-4)","background-image":"","background-repeat":"repeat","background-position":"center center","background-size":"auto","background-attachment":"scroll","background-type":"","background-media":"","overlay-type":"","overlay-color":"","overlay-opacity":"","overlay-gradient":""},"tablet":{"background-color":"","background-image":"","background-repeat":"repeat","background-position":"center center","background-size":"auto","background-attachment":"scroll","background-type":"","background-media":"","overlay-type":"","overlay-color":"","overlay-opacity":"","overlay-gradient":""},"mobile":{"background-color":"","background-image":"","background-repeat":"repeat","background-position":"center center","background-size":"auto","background-attachment":"scroll","background-type":"","background-media":"","overlay-type":"","overlay-color":"","overlay-opacity":"","overlay-gradient":""}},"ast-content-background-meta":{"desktop":{"background-color":"var(--ast-global-color-5)","background-image":"","background-repeat":"repeat","background-position":"center center","background-size":"auto","background-attachment":"scroll","background-type":"","background-media":"","overlay-type":"","overlay-color":"","overlay-opacity":"","overlay-gradient":""},"tablet":{"background-color":"var(--ast-global-color-5)","background-image":"","background-repeat":"repeat","background-position":"center center","background-size":"auto","background-attachment":"scroll","background-type":"","background-media":"","overlay-type":"","overlay-color":"","overlay-opacity":"","overlay-gradient":""},"mobile":{"background-color":"var(--ast-global-color-5)","background-image":"","background-repeat":"repeat","background-position":"center center","background-size":"auto","background-attachment":"scroll","background-type":"","background-media":"","overlay-type":"","overlay-color":"","overlay-opacity":"","overlay-gradient":""}},"_EventAllDay":false,"_EventTimezone":"","_EventStartDate":"","_EventEndDate":"","_EventStartDateUTC":"","_EventEndDateUTC":"","_EventShowMap":false,"_EventShowMapLink":false,"_EventURL":"","_EventCost":"","_EventCostDescription":"","_EventCurrencySymbol":"","_EventCurrencyCode":"","_EventCurrencyPosition":"","_EventDateTimeSeparator":"","_EventTimeRangeSeparator":"","_EventOrganizerID":[],"_EventVenueID":[],"_OrganizerEmail":"","_OrganizerPhone":"","_OrganizerWebsite":"","_VenueAddress":"","_VenueCity":"","_VenueCountry":"","_VenueProvince":"","_VenueState":"","_VenueZip":"","_VenuePhone":"","_VenueURL":"","_VenueStateProvince":"","_VenueLat":"","_VenueLng":"","_VenueShowMap":false,"_VenueShowMapLink":false,"footnotes":""},"class_list":["post-70","page","type-page","status-publish","hentry"],"_links":{"self":[{"href":"https:\/\/www.abbevillelariviere.fr\/index.php?rest_route=\/wp\/v2\/pages\/70"}],"collection":[{"href":"https:\/\/www.abbevillelariviere.fr\/index.php?rest_route=\/wp\/v2\/pages"}],"about":[{"href":"https:\/\/www.abbevillelariviere.fr\/index.php?rest_route=\/wp\/v2\/types\/page"}],"author":[{"embeddable":true,"href":"https:\/\/www.abbevillelariviere.fr\/index.php?rest_route=\/wp\/v2\/users\/2"}],"replies":[{"embeddable":true,"href":"https:\/\/www.abbevillelariviere.fr\/index.php?rest_route=%2Fwp%2Fv2%2Fcomments&post=70"}],"version-history":[{"count":17,"href":"https:\/\/www.abbevillelariviere.fr\/index.php?rest_route=\/wp\/v2\/pages\/70\/revisions"}],"predecessor-version":[{"id":2509,"href":"https:\/\/www.abbevillelariviere.fr\/index.php?rest_route=\/wp\/v2\/pages\/70\/revisions\/2509"}],"up":[{"embeddable":true,"href":"https:\/\/www.abbevillelariviere.fr\/index.php?rest_route=\/wp\/v2\/pages\/16"}],"wp:attachment":[{"href":"https:\/\/www.abbevillelariviere.fr\/index.php?rest_route=%2Fwp%2Fv2%2Fmedia&parent=70"}],"curies":[{"name":"wp","href":"https:\/\/api.w.org\/{rel}","templated":true}]}}

Déchets et Ordures Ménagères

<div class="wc-shortcodes-row wc-shortcodes-item wc-shortcodes-clearfix">
<div class="wc-shortcodes-column wc-shortcodes-content wc-shortcodes-two-third wc-shortcodes-column-first ">
<h2>UNE REDEVANCE INCITATIVE<br />
POUR UNE MEILLEURE GESTION DES DÉCHETS</h2>
<p>Depuis le 1er janvier 2011, la redevance incitative a remplacé la taxe sur les ordures ménagères.</p>
<p>Dans le cadre du 1er Grenelle de l&#8217;environnement, la gestion des déchets a été mise à l&#8217;honneur. Une loi favorisant la diminution des ordures ménagères et l&#8217;augmentation du recyclage a été votée en août 2009 précisant que, dans un délai de cinq ans, une tarification incitative devait être instaurée par les collectivités territoriales.<br />
Le SEDRE, Syndicat d&#8217;Elimination des Déchets de la Région d&#8217;ÉTAMPES, a décidé d&#8217;anticiper l&#8217;échéance réglementaire et a mis en place dès 2011 la redevance incitative au sein de ses 19 communes.</p>
<p><strong>Qu&#8217;est-ce que la Redevance incitative ?</strong></p>
<p>Contrairement à l&#8217;actuelle Taxe d&#8217;Enlèvement des Ordures Ménagères qui est un impôt local basé sur la valeur immobilière des foyers (taxe foncière), la redevance incitative est un financement équitable lié au service rendu. Il applique le principe « pollueur payeur »<br />
ou « producteur payeur ». Au même titre que l&#8217;eau ou l&#8217;électricité, chaque usager paye en fonction de sa « consommation », à savoir la quantité de déchets qu&#8217;il produit et qu&#8217;il présente à la collecte.<br />
Les habitants sont donc encouragés à modifier leur comportement en renforçant leur geste de tri afin de limiter leur production d&#8217;ordures ménagères.</p>
<p><strong>Comment l&#8217;appliquer ?</strong></p>
<p>Chaque usager est doté d&#8217;un bac à ordures ménagères équipé d’une puce électronique.<br />
Ce système permet d&#8217;identifier et d’enregistrer des collectes par la benne de collecte afin de réaliser par la suite une facturation individualisée.</p>
<p><strong>La tarification est structurée en 2 parts.</strong></p>
<p>Une part fixe identique et obligatoire pour chaque redevable par logement (producteur de déchets). Il s&#8217;agit de l’abonnement au Service Public d’Elimination des Déchets couvrant les charges fixes du service (administration, entretien, gestion des bacs, amortissement).<br />
Cet abonnement inclut, pour les communes qui en ont fait le choix, une part liée au service spécifique de collecte des végétaux.</p>
<p>Une part variable incitative au tri et proportionnelle au volume du (des) bac(s). Cette part correspond à l’utilisation du Service Public d’Elimination des Déchets. Elle comprend le forfait annuel de 18 levées ainsi que les éventuelles levées supplémentaires.<br />
Ce forfait est actuellement fixé à 18 vidages par an et est remis en cause chaque année par délibération syndicale.</p>
<p>Cette part inclut également les autres collectes (emballages et papiers, verre, végétaux et encombrants) ainsi que le prix du traitement des déchets collectés et,enfin, l&#8217;accès libre au réseau déchèteries du SIREDOM.</p>
</div>
<div class="wc-shortcodes-column wc-shortcodes-content wc-shortcodes-one-third wc-shortcodes-column-last ">
<div class="wc-shortcodes-box wc-shortcodes-item wc-shortcodes-content wc-shortcodes-clearfix wc-shortcodes-box-secondary " style="text-align:left;">
<p><strong>Un doute, une question au sujet </strong><br />
<strong>de votre abonnement, de votre facture </strong><strong>ou de votre bac</strong><br />
Contacter le Service Clients via le site internet du sedre : https://sedre91.fr/</p>
<p>Premier usager ? https://sedre91.webusager.fr/sedre91/pages/p_demarches.aspx?tevt=20181204213717326228</p>
</div>
<div class="wc-shortcodes-box wc-shortcodes-item wc-shortcodes-content wc-shortcodes-clearfix wc-shortcodes-box-warning " style="text-align:left;">
</div>
<div class="wc-shortcodes-box wc-shortcodes-item wc-shortcodes-content wc-shortcodes-clearfix wc-shortcodes-box-secondary " style="text-align:left;">
<ul>
<li></li>
</ul>
</div>
</div>
</div>

<p>UNE REDEVANCE INCITATIVE POUR UNE MEILLEURE GESTION DES DÉCHETS Depuis le 1er janvier 2011, la redevance incitative a remplacé la taxe sur les ordures ménagères. Dans le cadre du 1er [&hellip;]</p>
